{"id":28,"date":"2018-09-08T09:47:14","date_gmt":"2018-09-08T09:47:14","guid":{"rendered":"http:\/\/acs-osteo.de\/?page_id=28"},"modified":"2018-11-20T11:48:02","modified_gmt":"2018-11-20T11:48:02","slug":"sympaticus","status":"publish","type":"page","link":"https:\/\/acs-osteo.de\/?page_id=28","title":{"rendered":"Sympathicus-Therapie"},"content":{"rendered":"<div class=\"fusion-fullwidth fullwidth-box fusion-builder-row-1 nonhundred-percent-fullwidth non-hundred-percent-height-scrolling\" style=\"background-color: rgba(255,255,255,0);background-position: center center;background-repeat: no-repeat;padding-top:30px;padding-right:30px;padding-bottom:10px;padding-left:30px;margin-bottom: 0px;margin-top: 0px;border-width: 0px 0px 0px 0px;border-color:#eae9e9;border-style:solid;\" ><div class=\"fusion-builder-row fusion-row\"><div class=\"fusion-layout-column fusion_builder_column fusion-builder-column-0 fusion_builder_column_1_3 1_3 fusion-one-third fusion-column-first\" style=\"width:33.333333333333%;width:calc(33.333333333333% - ( ( 4% ) * 0.33333333333333 ) );margin-right: 4%;margin-top:0px;margin-bottom:20px;\"><div class=\"fusion-column-wrapper fusion-flex-column-wrapper-legacy\" style=\"background-position:left top;background-repeat:no-repeat;-webkit-background-size:cover;-moz-background-size:cover;-o-background-size:cover;background-size:cover;padding: 55px 0px 20px 0px;\"><div class=\"imageframe-align-center\"><span class=\" fusion-imageframe imageframe-none imageframe-1 hover-type-zoomin\"><img decoding=\"async\" width=\"200\" height=\"200\" title=\"sympathicus_200\" src=\"http:\/\/acs-osteo.de\/wp-content\/uploads\/2018\/09\/sympathicus_200.png\" class=\"img-responsive wp-image-204\" srcset=\"https:\/\/acs-osteo.de\/wp-content\/uploads\/2018\/09\/sympathicus_200-66x66.png 66w, https:\/\/acs-osteo.de\/wp-content\/uploads\/2018\/09\/sympathicus_200-150x150.png 150w, https:\/\/acs-osteo.de\/wp-content\/uploads\/2018\/09\/sympathicus_200.png 200w\" sizes=\"(max-width: 200px) 100vw, 200px\" \/><\/span><\/div><div class=\"fusion-clearfix\"><\/div><\/div><\/div><div class=\"fusion-layout-column fusion_builder_column fusion-builder-column-1 fusion_builder_column_2_3 2_3 fusion-two-third fusion-column-last\" style=\"width:66.666666666667%;width:calc(66.666666666667% - ( ( 4% ) * 0.66666666666667 ) );margin-top:0px;margin-bottom:20px;\"><div class=\"fusion-column-wrapper fusion-flex-column-wrapper-legacy\" style=\"background-position:left top;background-repeat:no-repeat;-webkit-background-size:cover;-moz-background-size:cover;-o-background-size:cover;background-size:cover;padding: 0px 0px 0px 0px;\"><style type=\"text\/css\"><\/style><div class=\"fusion-title title fusion-title-1 fusion-sep-none fusion-title-text fusion-title-size-one\" style=\"margin-top:0px;margin-right:0px;margin-bottom:21px;margin-left:0px;\"><h1 class=\"title-heading-left\" style=\"margin:0;\"><h2><strong>Sympathicus-Therapie nach Dr. Heesch<\/strong><\/h2><\/h1><\/div><div class=\"fusion-sep-clear\"><\/div><div class=\"fusion-separator fusion-full-width-sep\" style=\"margin-left: auto;margin-right: auto;margin-top:0px;margin-bottom:20px;width:100%;\"><div class=\"fusion-separator-border sep-single sep-solid\" style=\"border-color:#2b3a7d;border-top-width:1px;\"><\/div><\/div><div class=\"fusion-sep-clear\"><\/div><div class=\"fusion-text fusion-text-1\"><p>Die Sympathicus-Therapie ist eine Kombination von manueller Therapie und der Behandlung \u00fcber \u201eReflexpunkte\u201c. Der Sympathicus, als Teil des vegetativen Nervensystems, wird hierbei als Ursache einer St\u00f6rung gesehen und direkt behandelt.<\/p>\n<p>Der Sympathicus ist als Leitungsbahn f\u00fcr Abl\u00e4ufe vegetativer, energieaufwendiger Vorg\u00e4nge in unserem gesamten K\u00f6rper bekannt (Er weist Energiebereitstellung im Sinne von Durchblutung f\u00fcr \u201eFlucht- oder Kampf-Reaktionen\u201c bzw. Aktionsf\u00e4higkeit bei tats\u00e4chlicher oder gef\u00fchlter Belastung an).<\/p>\n<p>Er ist der Gegenspieler zum Parasympathicus- unserem \u201eRegenerationsnerven\u201c, der uns \u201eErholen\u201c und Energiereserven aufnehmen\/aufbauen l\u00e4sst. Dies kann der Organismus nur in den Ruhephasen des Sympathicus!<\/p>\n<p>Die Sympathicus-\u201eLeitung\u201c verl\u00e4uft als Nervenknotenkette \u201eGrenzstrang\u201c beidseits direkt entlang der Wirbels\u00e4ule und kann daher bei Verschiebungen oder Beweglichkeitsmissverh\u00e4ltnissen in der Wirbels\u00e4ule und den angrenzenden Strukturen h\u00e4ufig bedr\u00e4ngt und \u201eirritiert\u201c werden.<\/p>\n<p>Das kann dazu f\u00fchren, dass er \u201eirrt\u00fcmlich\u201c (ohne Bedarf des K\u00f6rpers) st\u00e4ndig gereizt wird und dauerhaft \u201efeuert\u201c. Die wichtigen, regenerativen Pausen f\u00fcr den K\u00f6rper oder die angesteuerte K\u00f6rperregion bleiben dann aus und der K\u00f6rper kommt in eine \u201eVersorgungsl\u00fccke\u201c, was sich in unterschiedlichsten \u201eSensationen\u201c und Symptomen darstellen kann.<\/p>\n<p>Je nach Dauer, wie lange die St\u00f6rung besteht, wird\u00a0 nach diesem Modell aus einer anf\u00e4nglichen \u201eSt\u00f6rung der Information\u201c eine \u201eSt\u00f6rung der Regulation\u201c gefolgt von einer \u201eSt\u00f6rung der Funktion\u201c- am Ende steht nicht selten eine gest\u00f6rte\/verletzte Struktur (z.B. ein Sehnenabriss).<\/p>\n<p>Hier setzt die Sympathicus-Therapie an.<\/p>\n<p>Die Sympathicus-Therapie versucht zuerst die St\u00f6rungsquelle ausfindig zu machen (anhand der lokalen Zuordnung des Beschwerdebildes zu einem Wirbels\u00e4ulenabschnitt), dann werden die entsprechenden Bereiche mittels verschiedener Techniken (z.B. Mikropressur, Manuelle Therapie zur Mobilisation von Skelettbereich und umgebenden Weichteilen) behandelt, in manchem Falle kann es hilfreich sein zur nachtr\u00e4glichen Unterst\u00fctzung der Therapiewirkung am K\u00f6rper (um nicht gleich in alte \u201eMuster\u201c zur\u00fcck zu verfallen) einen l\u00e4ngerfristig wirksamen Erinnerungsreiz im Sinne eines Akupunkturpflasters zu setzten. (Ich verwende nur Pflaster ohne Nadeln. Es findet KEIN Durchdringen der Haut statt!)<\/p>\n<p>Wenn Sie noch Fragen zur Sympathicus-Therapie haben, nehmen Sie gerne Kontakt zu mir auf, oder informieren Sie sich weiter auf der Website des Institutes von Dr. Heesch <a href=\"http:\/\/www.sympathicus-therapie.de\/\">www.sympathicus-therapie.de<\/a><\/p>\n<p>Ich freue mich auf Sie!<\/p>\n<\/div><div class=\"fusion-clearfix\"><\/div><\/div><\/div><\/div><\/div>\n","protected":false},"excerpt":{"rendered":"","protected":false},"author":1,"featured_media":0,"parent":0,"menu_order":0,"comment_status":"closed","ping_status":"closed","template":"100-width.php","meta":{"footnotes":""},"class_list":["post-28","page","type-page","status-publish","hentry"],"aioseo_notices":[],"_links":{"self":[{"href":"https:\/\/acs-osteo.de\/index.php?rest_route=\/wp\/v2\/pages\/28","targetHints":{"allow":["GET"]}}],"collection":[{"href":"https:\/\/acs-osteo.de\/index.php?rest_route=\/wp\/v2\/pages"}],"about":[{"href":"https:\/\/acs-osteo.de\/index.php?rest_route=\/wp\/v2\/types\/page"}],"author":[{"embeddable":true,"href":"https:\/\/acs-osteo.de\/index.php?rest_route=\/wp\/v2\/users\/1"}],"replies":[{"embeddable":true,"href":"https:\/\/acs-osteo.de\/index.php?rest_route=%2Fwp%2Fv2%2Fcomments&post=28"}],"version-history":[{"count":12,"href":"https:\/\/acs-osteo.de\/index.php?rest_route=\/wp\/v2\/pages\/28\/revisions"}],"predecessor-version":[{"id":384,"href":"https:\/\/acs-osteo.de\/index.php?rest_route=\/wp\/v2\/pages\/28\/revisions\/384"}],"wp:attachment":[{"href":"https:\/\/acs-osteo.de\/index.php?rest_route=%2Fwp%2Fv2%2Fmedia&parent=28"}],"curies":[{"name":"wp","href":"https:\/\/api.w.org\/{rel}","templated":true}]}}