{"id":26,"date":"2018-09-08T09:47:13","date_gmt":"2018-09-08T09:47:13","guid":{"rendered":"http:\/\/acs-osteo.de\/?page_id=26"},"modified":"2019-09-20T20:13:12","modified_gmt":"2019-09-20T20:13:12","slug":"therapien","status":"publish","type":"page","link":"https:\/\/acs-osteo.de\/?page_id=26","title":{"rendered":"Therapien"},"content":{"rendered":"<p><div class=\"fusion-fullwidth fullwidth-box fusion-builder-row-1 nonhundred-percent-fullwidth non-hundred-percent-height-scrolling\" style=\"background-color: rgba(255,255,255,0);background-position: center center;background-repeat: no-repeat;padding-top:30px;padding-right:30px;padding-bottom:10px;padding-left:30px;margin-bottom: 0px;margin-top: 0px;border-width: 0px 0px 0px 0px;border-color:#eae9e9;border-style:solid;\" ><div class=\"fusion-builder-row fusion-row\"><div class=\"fusion-layout-column fusion_builder_column fusion-builder-column-0 fusion_builder_column_1_5 1_5 fusion-one-fifth fusion-column-first\" style=\"width:20%;width:calc(20% - ( ( 4% ) * 0.2 ) );margin-right: 4%;margin-top:0px;margin-bottom:20px;\"><div class=\"fusion-column-wrapper fusion-flex-column-wrapper-legacy\" style=\"background-position:left top;background-repeat:no-repeat;-webkit-background-size:cover;-moz-background-size:cover;-o-background-size:cover;background-size:cover;padding: 55px 0px 20px 0px;\"><div class=\"fusion-clearfix\"><\/div><\/div><\/div><div class=\"fusion-layout-column fusion_builder_column fusion-builder-column-1 fusion_builder_column_4_5 4_5 fusion-four-fifth fusion-column-last\" style=\"width:80%;width:calc(80% - ( ( 4% ) * 0.8 ) );margin-top:0px;margin-bottom:20px;\"><div class=\"fusion-column-wrapper fusion-flex-column-wrapper-legacy\" style=\"background-position:left top;background-repeat:no-repeat;-webkit-background-size:cover;-moz-background-size:cover;-o-background-size:cover;background-size:cover;padding: 0px 0px 0px 0px;\"><style type=\"text\/css\"><\/style><div class=\"fusion-title title fusion-title-1 fusion-sep-none fusion-title-text fusion-title-size-one\" style=\"margin-top:0px;margin-right:0px;margin-bottom:21px;margin-left:0px;\"><h1 class=\"title-heading-left\" style=\"margin:0;\"><h2><strong>Therapien<\/strong><\/h2><\/h1><\/div><div class=\"fusion-sep-clear\"><\/div><div class=\"fusion-separator fusion-full-width-sep\" style=\"margin-left: auto;margin-right: auto;margin-bottom:20px;width:100%;\"><div class=\"fusion-separator-border sep-single sep-solid\" style=\"border-color:#2b3a7d;border-top-width:2px;\"><\/div><\/div><div class=\"fusion-sep-clear\"><\/div><div class=\"fusion-text fusion-text-1\"><p>Meine zahlreichen Fortbildungen w\u00e4hrend meiner Laufbahn als Physiotherapeutin, Osteopathin und Heilpraktikerin lassen mich auf einen vielseitigen Erfahrungsschatz zur\u00fcckgreifen, den ich gerne engagiert f\u00fcr Sie und Ihre Bed\u00fcrfnisse einsetzen m\u00f6chte.<\/p>\n<p>Neben der <strong>Osteopathie<\/strong> biete ich in meiner Praxis ebenfalls bzw. erg\u00e4nzend andere, ausschlie\u00dflich <u>nicht<\/u> <u>invasive<\/u> (d. h. die K\u00f6rperoberfl\u00e4che verletzende) Techniken an, wie<\/p>\n<ul>\n<li>Sympathicustherapie<\/li>\n<li>Therapeutische Hypnose<\/li>\n<li>Mikrostromtherapie (BCR)<\/li>\n<li>Magnetfeldtherapie<\/li>\n<\/ul>\n<p>Mit diesem <strong><u>Behandlungsspektrum<\/u><\/strong> biete ich Ihnen gerne meine Unterst\u00fctzung und Begleitung u.a. in folgenden Bereichen:<\/p>\n<ul>\n<li>bei akuten und chronischen Erkrankungen des Bewegungsapparates<\/li>\n<li>bei der Operationsnachsorge (Narbenbehandlungen, postoperative Funktionsst\u00f6rungen, \u2026)<\/li>\n<li>unterst\u00fctzend bei Krebserkrankungen in Zusammenarbeit mit Ihnen und Ihrem behandelnden Onkologen<\/li>\n<li>unterst\u00fctzend bei Gewichtsreduktionen\/Essst\u00f6rungen oder Rauchentw\u00f6hnung<\/li>\n<li>unterst\u00fctzend bei vegetativen Steuerungsschwierigkeiten oder \u201epsychosomatischen\u201c Beschwerden wie\u00a0 \u00a0\u00a0\u00a0\u00a0 Reizdarm\/Verdauungsst\u00f6rungen, Migr\u00e4ne, dauerhaften Muskelspannungsproblematiken (z.B. Spannungskopfschmerz), Schmerzst\u00f6rungen, \u2026<\/li>\n<li>bei stressbedingten Problematiken wie z.B. Schlafst\u00f6rungen, Tinnitus, Konzentrationsschwierigkeiten, Z\u00e4hneknirschen\/-bei\u00dfen, \u2026<\/li>\n<li>\u2026<\/li>\n<\/ul>\n<p>Der <em>Behandlungsvertrag <\/em>wie auch der <em>Befundbogen<\/em>, den Sie hier als \u201eDownload\u201c (Spalte links oben) bzw. vor Ort in der Praxis bekommen bildet<\/p>\n<p>&#8211; neben der gr\u00fcndlichen Befundung des Patienten in der Praxis &#8211; die Grundlage f\u00fcr meine Therapie.<\/p>\n<p>Beides sind f\u00fcr mich wichtige Instrumente, um auf beiden Seiten f\u00fcr Transparenz und Sicherheit in der Behandlung zu sorgen, und die Auswahl der f\u00fcr Sie und Ihr Beschwerdebild geeigneten Therapie zu treffen.<\/p>\n<p>Ich m\u00f6chte Sie daher einladen sich diese in Ruhe durchzulesen!<\/p>\n<\/div><div class=\"fusion-clearfix\"><\/div><\/div><\/div><\/div><\/div><div class=\"fusion-fullwidth fullwidth-box fusion-builder-row-2 nonhundred-percent-fullwidth non-hundred-percent-height-scrolling\" style=\"background-color: rgba(255,255,255,0);background-position: center center;background-repeat: no-repeat;padding-top:20px;padding-right:20px;padding-bottom:20px;padding-left:20px;border-width: 0px 0px 0px 0px;border-color:#eae9e9;border-style:solid;\" ><div class=\"fusion-builder-row fusion-row\"><div class=\"fusion-layout-column fusion_builder_column fusion-builder-column-2 fusion_builder_column_1_1 1_1 fusion-one-full fusion-column-first fusion-column-last\" style=\"margin-top:0px;margin-bottom:20px;\"><div class=\"fusion-column-wrapper fusion-flex-column-wrapper-legacy\" style=\"background-position:left top;background-repeat:no-repeat;-webkit-background-size:cover;-moz-background-size:cover;-o-background-size:cover;background-size:cover;padding: 0px 0px 0px 0px;\"><div class=\"fusion-sep-clear\"><\/div><div class=\"fusion-separator fusion-full-width-sep\" style=\"margin-left: auto;margin-right: auto;width:100%;\"><div class=\"fusion-separator-border sep-single sep-solid\" style=\"border-color:rgba(43,58,125,0.75);border-top-width:2px;\"><\/div><\/div><div class=\"fusion-sep-clear\"><\/div><div class=\"fusion-clearfix\"><\/div><\/div><\/div><div class=\"fusion-layout-column fusion_builder_column fusion-builder-column-3 fusion_builder_column_1_3 1_3 fusion-one-third fusion-column-first\" style=\"width:33.333333333333%;width:calc(33.333333333333% - ( ( 4% + 4% ) * 0.33333333333333 ) );margin-right: 4%;margin-top:0px;margin-bottom:20px;\"><div class=\"fusion-column-wrapper fusion-flex-column-wrapper-legacy\" style=\"background-position:left top;background-repeat:no-repeat;-webkit-background-size:cover;-moz-background-size:cover;-o-background-size:cover;background-size:cover;padding: 20px 20px 20px 20px;\"><div class=\"imageframe-align-center\"><span class=\" fusion-imageframe imageframe-none imageframe-1 hover-type-zoomin fusion-animated\" data-animationType=\"fadeInLeft\" data-animationDuration=\"1.0\" data-animationOffset=\"100%\"><a class=\"fusion-no-lightbox\" href=\"http:\/\/acs-osteo.de\/?page_id=32\" target=\"_self\" aria-label=\"osteopathie2_200\"><img decoding=\"async\" width=\"200\" height=\"200\" alt=\"Osteopathie\" src=\"http:\/\/acs-osteo.de\/wp-content\/uploads\/2018\/09\/osteopathie2_200.png\" class=\"img-responsive wp-image-249\" srcset=\"https:\/\/acs-osteo.de\/wp-content\/uploads\/2018\/09\/osteopathie2_200-66x66.png 66w, https:\/\/acs-osteo.de\/wp-content\/uploads\/2018\/09\/osteopathie2_200-150x150.png 150w, https:\/\/acs-osteo.de\/wp-content\/uploads\/2018\/09\/osteopathie2_200.png 200w\" sizes=\"(max-width: 200px) 100vw, 200px\" \/><\/a><\/span><\/div><div class=\"fusion-clearfix\"><\/div><\/div><\/div><div class=\"fusion-layout-column fusion_builder_column fusion-builder-column-4 fusion_builder_column_1_3 1_3 fusion-one-third\" style=\"width:33.333333333333%;width:calc(33.333333333333% - ( ( 4% + 4% ) * 0.33333333333333 ) );margin-right: 4%;margin-top:0px;margin-bottom:20px;\"><div class=\"fusion-column-wrapper fusion-flex-column-wrapper-legacy\" style=\"background-position:left top;background-repeat:no-repeat;-webkit-background-size:cover;-moz-background-size:cover;-o-background-size:cover;background-size:cover;padding: 20px 20px 20px 20px;\"><div class=\"imageframe-align-center\"><span class=\" fusion-imageframe imageframe-none imageframe-2 hover-type-zoomin fusion-animated\" data-animationType=\"fadeInLeft\" data-animationDuration=\"1.0\" data-animationOffset=\"100%\"><a class=\"fusion-no-lightbox\" href=\"http:\/\/acs-osteo.de\/?page_id=27\" target=\"_self\" aria-label=\"Button_BCR1\"><img decoding=\"async\" width=\"200\" height=\"200\" alt=\"Osteopathie\" src=\"http:\/\/acs-osteo.de\/wp-content\/uploads\/2018\/11\/Button_BCR1.png\" class=\"img-responsive wp-image-375\" srcset=\"https:\/\/acs-osteo.de\/wp-content\/uploads\/2018\/11\/Button_BCR1-66x66.png 66w, https:\/\/acs-osteo.de\/wp-content\/uploads\/2018\/11\/Button_BCR1-150x150.png 150w, https:\/\/acs-osteo.de\/wp-content\/uploads\/2018\/11\/Button_BCR1.png 200w\" sizes=\"(max-width: 200px) 100vw, 200px\" \/><\/a><\/span><\/div><div class=\"fusion-clearfix\"><\/div><\/div><\/div><div class=\"fusion-layout-column fusion_builder_column fusion-builder-column-5 fusion_builder_column_1_3 1_3 fusion-one-third fusion-column-last\" style=\"width:33.333333333333%;width:calc(33.333333333333% - ( ( 4% + 4% ) * 0.33333333333333 ) );margin-top:0px;margin-bottom:20px;\"><div class=\"fusion-column-wrapper fusion-flex-column-wrapper-legacy\" style=\"background-position:left top;background-repeat:no-repeat;-webkit-background-size:cover;-moz-background-size:cover;-o-background-size:cover;background-size:cover;padding: 20px 20px 20px 20px;\"><div class=\"imageframe-align-center\"><span class=\" fusion-imageframe imageframe-none imageframe-3 hover-type-zoomin fusion-animated\" data-animationType=\"fadeInLeft\" data-animationDuration=\"1.0\" data-animationOffset=\"100%\"><a class=\"fusion-no-lightbox\" href=\"http:\/\/acs-osteo.de\/?page_id=28\" target=\"_self\" aria-label=\"Button_sympaticus1\"><img decoding=\"async\" width=\"200\" height=\"200\" alt=\"Osteopathie\" src=\"http:\/\/acs-osteo.de\/wp-content\/uploads\/2018\/11\/Button_sympaticus1.png\" class=\"img-responsive wp-image-374\" srcset=\"https:\/\/acs-osteo.de\/wp-content\/uploads\/2018\/11\/Button_sympaticus1-66x66.png 66w, https:\/\/acs-osteo.de\/wp-content\/uploads\/2018\/11\/Button_sympaticus1-150x150.png 150w, https:\/\/acs-osteo.de\/wp-content\/uploads\/2018\/11\/Button_sympaticus1.png 200w\" sizes=\"(max-width: 200px) 100vw, 200px\" \/><\/a><\/span><\/div><div class=\"fusion-clearfix\"><\/div><\/div><\/div><\/div><\/div><div class=\"fusion-fullwidth fullwidth-box fusion-builder-row-3 nonhundred-percent-fullwidth non-hundred-percent-height-scrolling\" style=\"background-color: rgba(255,255,255,0);background-position: center center;background-repeat: no-repeat;padding-top:20px;padding-right:20px;padding-bottom:20px;padding-left:20px;border-width: 0px 0px 0px 0px;border-color:#eae9e9;border-style:solid;\" ><div class=\"fusion-builder-row fusion-row\"><div class=\"fusion-layout-column fusion_builder_column fusion-builder-column-6 fusion_builder_column_1_3 1_3 fusion-one-third fusion-column-first\" style=\"width:33.333333333333%;width:calc(33.333333333333% - ( ( 4% + 4% ) * 0.33333333333333 ) );margin-right: 4%;margin-top:0px;margin-bottom:20px;\"><div class=\"fusion-column-wrapper fusion-flex-column-wrapper-legacy\" style=\"background-position:left top;background-repeat:no-repeat;-webkit-background-size:cover;-moz-background-size:cover;-o-background-size:cover;background-size:cover;padding: 20px 20px 20px 20px;\"><div class=\"imageframe-align-center\"><span class=\" fusion-imageframe imageframe-none imageframe-4 hover-type-zoomin fusion-animated\" data-animationType=\"fadeInLeft\" data-animationDuration=\"1.0\" data-animationOffset=\"100%\"><a class=\"fusion-no-lightbox\" href=\"http:\/\/acs-osteo.de\/?page_id=30\" target=\"_self\" aria-label=\"Button_Magnetfeld_200\"><img decoding=\"async\" width=\"200\" height=\"200\" alt=\"Osteopathie\" src=\"http:\/\/acs-osteo.de\/wp-content\/uploads\/2018\/09\/Button_Magnetfeld_200.png\" class=\"img-responsive wp-image-270\" srcset=\"https:\/\/acs-osteo.de\/wp-content\/uploads\/2018\/09\/Button_Magnetfeld_200-66x66.png 66w, https:\/\/acs-osteo.de\/wp-content\/uploads\/2018\/09\/Button_Magnetfeld_200-150x150.png 150w, https:\/\/acs-osteo.de\/wp-content\/uploads\/2018\/09\/Button_Magnetfeld_200.png 200w\" sizes=\"(max-width: 200px) 100vw, 200px\" \/><\/a><\/span><\/div><div class=\"fusion-clearfix\"><\/div><\/div><\/div><div class=\"fusion-layout-column fusion_builder_column fusion-builder-column-7 fusion_builder_column_1_3 1_3 fusion-one-third\" style=\"width:33.333333333333%;width:calc(33.333333333333% - ( ( 4% + 4% ) * 0.33333333333333 ) );margin-right: 4%;margin-top:0px;margin-bottom:20px;\"><div class=\"fusion-column-wrapper fusion-flex-column-wrapper-legacy\" style=\"background-position:left top;background-repeat:no-repeat;-webkit-background-size:cover;-moz-background-size:cover;-o-background-size:cover;background-size:cover;padding: 20px 20px 20px 20px;\"><div class=\"imageframe-align-center\"><span class=\" fusion-imageframe imageframe-none imageframe-5 hover-type-zoomin fusion-animated\" data-animationType=\"fadeInLeft\" data-animationDuration=\"1.0\" data-animationOffset=\"100%\"><a class=\"fusion-no-lightbox\" href=\"http:\/\/acs-osteo.de\/?page_id=31\" target=\"_self\" aria-label=\"Button_hypnose\"><img decoding=\"async\" width=\"200\" height=\"200\" alt=\"Osteopathie\" src=\"http:\/\/acs-osteo.de\/wp-content\/uploads\/2018\/09\/Button_hypnose.png\" class=\"img-responsive wp-image-260\" srcset=\"https:\/\/acs-osteo.de\/wp-content\/uploads\/2018\/09\/Button_hypnose-66x66.png 66w, https:\/\/acs-osteo.de\/wp-content\/uploads\/2018\/09\/Button_hypnose-150x150.png 150w, https:\/\/acs-osteo.de\/wp-content\/uploads\/2018\/09\/Button_hypnose.png 200w\" sizes=\"(max-width: 200px) 100vw, 200px\" \/><\/a><\/span><\/div><div class=\"fusion-clearfix\"><\/div><\/div><\/div><div class=\"fusion-layout-column fusion_builder_column fusion-builder-column-8 fusion_builder_column_1_3 1_3 fusion-one-third fusion-column-last\" style=\"width:33.333333333333%;width:calc(33.333333333333% - ( ( 4% + 4% ) * 0.33333333333333 ) );margin-top:0px;margin-bottom:20px;\"><div class=\"fusion-column-wrapper fusion-flex-column-wrapper-legacy\" style=\"background-position:left top;background-repeat:no-repeat;-webkit-background-size:cover;-moz-background-size:cover;-o-background-size:cover;background-size:cover;padding: 20px 20px 20px 20px;\"><div class=\"fusion-clearfix\"><\/div><\/div><\/div><\/div><\/div><div class=\"fusion-fullwidth fullwidth-box fusion-builder-row-4 nonhundred-percent-fullwidth non-hundred-percent-height-scrolling\" style=\"background-color: rgba(255,255,255,0);background-position: center center;background-repeat: no-repeat;padding-top:0px;padding-right:0px;padding-bottom:0px;padding-left:0px;margin-bottom: 0px;margin-top: 0px;border-width: 0px 0px 0px 0px;border-color:#eae9e9;border-style:solid;\" ><div class=\"fusion-builder-row fusion-row\"><\/div><\/div><div class=\"fusion-fullwidth fullwidth-box fusion-builder-row-5 nonhundred-percent-fullwidth non-hundred-percent-height-scrolling\" style=\"background-color: rgba(153,153,153,0.25);background-position: center center;background-repeat: no-repeat;padding-top:0px;padding-right:0px;padding-bottom:0px;padding-left:0px;margin-bottom: 0px;margin-top: 0px;border-width: 0px 0px 0px 0px;border-color:#eae9e9;border-style:solid;\" ><div class=\"fusion-builder-row fusion-row\"><\/div><\/div><\/p>\n","protected":false},"excerpt":{"rendered":"","protected":false},"author":1,"featured_media":0,"parent":0,"menu_order":0,"comment_status":"closed","ping_status":"closed","template":"100-width.php","meta":{"footnotes":""},"class_list":["post-26","page","type-page","status-publish","hentry"],"aioseo_notices":[],"_links":{"self":[{"href":"https:\/\/acs-osteo.de\/index.php?rest_route=\/wp\/v2\/pages\/26","targetHints":{"allow":["GET"]}}],"collection":[{"href":"https:\/\/acs-osteo.de\/index.php?rest_route=\/wp\/v2\/pages"}],"about":[{"href":"https:\/\/acs-osteo.de\/index.php?rest_route=\/wp\/v2\/types\/page"}],"author":[{"embeddable":true,"href":"https:\/\/acs-osteo.de\/index.php?rest_route=\/wp\/v2\/users\/1"}],"replies":[{"embeddable":true,"href":"https:\/\/acs-osteo.de\/index.php?rest_route=%2Fwp%2Fv2%2Fcomments&post=26"}],"version-history":[{"count":66,"href":"https:\/\/acs-osteo.de\/index.php?rest_route=\/wp\/v2\/pages\/26\/revisions"}],"predecessor-version":[{"id":392,"href":"https:\/\/acs-osteo.de\/index.php?rest_route=\/wp\/v2\/pages\/26\/revisions\/392"}],"wp:attachment":[{"href":"https:\/\/acs-osteo.de\/index.php?rest_route=%2Fwp%2Fv2%2Fmedia&parent=26"}],"curies":[{"name":"wp","href":"https:\/\/api.w.org\/{rel}","templated":true}]}}